{"id":86,"date":"2024-03-06T19:32:43","date_gmt":"2024-03-06T18:32:43","guid":{"rendered":"https:\/\/minoseditions.fr\/?page_id=86"},"modified":"2024-11-08T12:44:09","modified_gmt":"2024-11-08T11:44:09","slug":"augmente-moi","status":"publish","type":"page","link":"https:\/\/minoseditions.fr\/?page_id=86","title":{"rendered":"Augmente-moi"},"content":{"rendered":"\n<p><strong>Fiction d&#8217;anticipation<br>par Philippe Boisseleau<\/strong><br>232 pages &#8211; ISBN : 978-2-487627-00-0<\/p>\n\n\n\n<p>En ce d\u00e9but de XXIIe si\u00e8cle, Charlie et ses proches ont conserv\u00e9 leurs simples attributs d\u2019homo sapiens. \u00c0 Lagos, ils cohabitent comme ils peuvent avec diverses entit\u00e9s : humains aux capacit\u00e9s augment\u00e9es, humano\u00efdes ainsi que les intelligences artificielles qui \u00e9voluent au sein de la mat\u00e9rialit\u00e9 des machines ou dans le monde virtuel. Le nouvel ordre interplan\u00e9taire est assur\u00e9 par le GlobalOrder. Pour garantir l\u2019\u00e9quilibre inter-esp\u00e8ces mais aussi la supr\u00e9matie des IA autonomes, il exerce un contr\u00f4le sur Terre, sur la Lune et dans le Globalverse. Pourtant, apr\u00e8s avoir acquis l\u2019immortalit\u00e9, la nouvelle soci\u00e9t\u00e9 technologique est fascin\u00e9e par une sp\u00e9cificit\u00e9 humaine non encore mod\u00e9lisable : l\u2019amour. Rejoints par \u00c8veA, l\u2019humano\u00efde dou\u00e9e de sentiments, les membres de la jeune \u00e9quipe se retrouvent dans le collimateur de l\u2019Ordre. Fid\u00e8les \u00e0 leur condition premi\u00e8re, ils acceptent la fatalit\u00e9 de la mort mais veulent garder le plus longtemps possible le secret de l\u2019amour humain\u2026<\/p>\n\n\n\n<figure class=\"wp-block-image size-full is-resized\"><img fetchpriority=\"high\" decoding=\"async\" width=\"1749\" height=\"2481\" src=\"http:\/\/minoseditions.fr\/wp-content\/uploads\/2024\/06\/Couverture-Augmente-moi-Auriane-D-Communication_Couverture.png\" alt=\"\" class=\"wp-image-292\" style=\"width:610px;height:auto\" srcset=\"https:\/\/minoseditions.fr\/wp-content\/uploads\/2024\/06\/Couverture-Augmente-moi-Auriane-D-Communication_Couverture.png 1749w, https:\/\/minoseditions.fr\/wp-content\/uploads\/2024\/06\/Couverture-Augmente-moi-Auriane-D-Communication_Couverture-211x300.png 211w, https:\/\/minoseditions.fr\/wp-content\/uploads\/2024\/06\/Couverture-Augmente-moi-Auriane-D-Communication_Couverture-722x1024.png 722w, https:\/\/minoseditions.fr\/wp-content\/uploads\/2024\/06\/Couverture-Augmente-moi-Auriane-D-Communication_Couverture-768x1089.png 768w, https:\/\/minoseditions.fr\/wp-content\/uploads\/2024\/06\/Couverture-Augmente-moi-Auriane-D-Communication_Couverture-1083x1536.png 1083w, https:\/\/minoseditions.fr\/wp-content\/uploads\/2024\/06\/Couverture-Augmente-moi-Auriane-D-Communication_Couverture-1444x2048.png 1444w, https:\/\/minoseditions.fr\/wp-content\/uploads\/2024\/06\/Couverture-Augmente-moi-Auriane-D-Communication_Couverture-1200x1702.png 1200w\" sizes=\"(max-width: 1749px) 100vw, 1749px\" \/><figcaption class=\"wp-element-caption\">R\u00e9alisation graphique : Auriane Durand, 2024. \u00a9Auriane Durand. \u00a9Minos Editions<\/figcaption><\/figure>\n\n\n\n<div style=\"height:100px\" aria-hidden=\"true\" class=\"wp-block-spacer\"><\/div>\n\n\n\n<p class=\"has-text-align-center\"><a href=\"https:\/\/minoseditions.fr\/wp-admin\/post.php?post=495&amp;action=edit\">Lire un extrait<\/a><\/p>\n\n\n\n<hr class=\"wp-block-separator has-alpha-channel-opacity\"\/>\n","protected":false},"excerpt":{"rendered":"<p>Fiction d&#8217;anticipationpar Philippe Boisseleau232 pages &#8211; ISBN : 978-2-487627-00-0 En ce d\u00e9but de XXIIe si\u00e8cle, Charlie et ses proches ont conserv\u00e9 leurs simples attributs d\u2019homo sapiens. \u00c0 Lagos, ils cohabitent comme ils peuvent avec diverses entit\u00e9s : humains aux capacit\u00e9s augment\u00e9es, humano\u00efdes ainsi que les intelligences artificielles qui \u00e9voluent au sein de la mat\u00e9rialit\u00e9 des [&hellip;]<\/p>\n","protected":false},"author":1,"featured_media":301,"parent":0,"menu_order":0,"comment_status":"closed","ping_status":"closed","template":"","meta":{"footnotes":""},"class_list":["post-86","page","type-page","status-publish","has-post-thumbnail","hentry"],"_links":{"self":[{"href":"https:\/\/minoseditions.fr\/index.php?rest_route=\/wp\/v2\/pages\/86","targetHints":{"allow":["GET"]}}],"collection":[{"href":"https:\/\/minoseditions.fr\/index.php?rest_route=\/wp\/v2\/pages"}],"about":[{"href":"https:\/\/minoseditions.fr\/index.php?rest_route=\/wp\/v2\/types\/page"}],"author":[{"embeddable":true,"href":"https:\/\/minoseditions.fr\/index.php?rest_route=\/wp\/v2\/users\/1"}],"replies":[{"embeddable":true,"href":"https:\/\/minoseditions.fr\/index.php?rest_route=%2Fwp%2Fv2%2Fcomments&post=86"}],"version-history":[{"count":10,"href":"https:\/\/minoseditions.fr\/index.php?rest_route=\/wp\/v2\/pages\/86\/revisions"}],"predecessor-version":[{"id":498,"href":"https:\/\/minoseditions.fr\/index.php?rest_route=\/wp\/v2\/pages\/86\/revisions\/498"}],"wp:featuredmedia":[{"embeddable":true,"href":"https:\/\/minoseditions.fr\/index.php?rest_route=\/wp\/v2\/media\/301"}],"wp:attachment":[{"href":"https:\/\/minoseditions.fr\/index.php?rest_route=%2Fwp%2Fv2%2Fmedia&parent=86"}],"curies":[{"name":"wp","href":"https:\/\/api.w.org\/{rel}","templated":true}]}}